{"id":271,"date":"2016-05-22T22:51:46","date_gmt":"2016-05-22T21:51:46","guid":{"rendered":"http:\/\/jurahikefly.ch\/?page_id=271"},"modified":"2016-05-22T23:01:56","modified_gmt":"2016-05-22T22:01:56","slug":"resultats-2016","status":"publish","type":"page","link":"https:\/\/jurahikefly.ch\/index.php\/resultats-2016\/","title":{"rendered":"R\u00e9sultats 2016"},"content":{"rendered":"<table>\n<thead>\n<tr>\n<td>Rang<\/td>\n<td>Nom<\/td>\n<td>Points<\/td>\n<\/tr>\n<\/thead>\n<tbody>\n<tr>\n<td>1.<\/td>\n<td>Sylvain Freiholz<\/td>\n<td>1893<\/td>\n<\/tr>\n<tr>\n<td>2.<\/td>\n<td>Court \u00a0Christian<\/td>\n<td>1625<\/td>\n<\/tr>\n<tr>\n<td>3.<\/td>\n<td>Christian Maurer (bi-place)<\/td>\n<td>1594<\/td>\n<\/tr>\n<tr>\n<td>4.<\/td>\n<td>Luca Brochon<\/td>\n<td>1508<\/td>\n<\/tr>\n<tr>\n<td>5.<\/td>\n<td>Simon Heimgartner<\/td>\n<td>1454<\/td>\n<\/tr>\n<tr>\n<td>6.<\/td>\n<td>Michel Ruffieux<\/td>\n<td>1353<\/td>\n<\/tr>\n<tr>\n<td>7.<\/td>\n<td>Rolf Erhardt<\/td>\n<td>1262<\/td>\n<\/tr>\n<tr>\n<td>8.<\/td>\n<td>Daniel Heimgartner<\/td>\n<td>1255<\/td>\n<\/tr>\n<tr>\n<td>9.<\/td>\n<td>Thierry Emery<\/td>\n<td>1247<\/td>\n<\/tr>\n<tr>\n<td>10.<\/td>\n<td>Tom Payne<\/td>\n<td>1226<\/td>\n<\/tr>\n<tr>\n<td>11.<\/td>\n<td>Jos\u00e9 Fraga<\/td>\n<td>1230*<\/td>\n<\/tr>\n<tr>\n<td>12.<\/td>\n<td>Michael K\u00fcffer &#8211; Alexa Bezel (bi-place)<\/td>\n<td>1208<\/td>\n<\/tr>\n<tr>\n<td>13.<\/td>\n<td>Doru Grigorian<\/td>\n<td>1202<\/td>\n<\/tr>\n<tr>\n<td>14.<\/td>\n<td>Stephanie Westerhuis (1\u00e8re fille)<\/td>\n<td>1176<\/td>\n<\/tr>\n<tr>\n<td>15.<\/td>\n<td>Filippo Gallizia<\/td>\n<td>1151<\/td>\n<\/tr>\n<tr>\n<td>16.<\/td>\n<td>Pascal Jaunin<\/td>\n<td>1058<\/td>\n<\/tr>\n<tr>\n<td>17.<\/td>\n<td>Olivier Monod<\/td>\n<td>1002<\/td>\n<\/tr>\n<tr>\n<td>18.<\/td>\n<td>S\u00e9bastien Broisin<\/td>\n<td>990<\/td>\n<\/tr>\n<tr>\n<td>19.<\/td>\n<td>Dany Morard<\/td>\n<td>977<\/td>\n<\/tr>\n<tr>\n<td>20.<\/td>\n<td>Moritz Leiser<\/td>\n<td>946<\/td>\n<\/tr>\n<tr>\n<td>21.<\/td>\n<td>Gisiger Rolf<\/td>\n<td>872<\/td>\n<\/tr>\n<tr>\n<td>22.<\/td>\n<td>Eliane Ott<\/td>\n<td>844<\/td>\n<\/tr>\n<tr>\n<td>23.<\/td>\n<td>Oleg Ace<\/td>\n<td>673<\/td>\n<\/tr>\n<tr>\n<td>24.<\/td>\n<td>Alexandre Lamon<\/td>\n<td>712<\/td>\n<\/tr>\n<tr>\n<td>25.<\/td>\n<td>Shannon Long<\/td>\n<td>411<\/td>\n<\/tr>\n<\/tbody>\n<\/table>\n<p>* p\u00e9nalit\u00e9 train > 10\u00e8me position<\/p>\n","protected":false},"excerpt":{"rendered":"<p>Rang Nom Points 1. Sylvain Freiholz 1893 2. Court \u00a0Christian 1625 3. Christian Maurer (bi-place) 1594 4. Luca Brochon 1508 5. Simon Heimgartner 1454 6. Michel Ruffieux 1353 7. Rolf Erhardt 1262 8. Daniel Heimgartner 1255 9. Thierry Emery 1247 10. Tom Payne 1226 11. Jos\u00e9 Fraga 1230* 12. Michael K\u00fcffer &#8211; Alexa Bezel (bi-place) [&hellip;]<\/p>\n","protected":false},"author":1,"featured_media":0,"parent":0,"menu_order":0,"comment_status":"closed","ping_status":"closed","template":"","meta":[],"_links":{"self":[{"href":"https:\/\/jurahikefly.ch\/index.php\/wp-json\/wp\/v2\/pages\/271"}],"collection":[{"href":"https:\/\/jurahikefly.ch\/index.php\/wp-json\/wp\/v2\/pages"}],"about":[{"href":"https:\/\/jurahikefly.ch\/index.php\/wp-json\/wp\/v2\/types\/page"}],"author":[{"embeddable":true,"href":"https:\/\/jurahikefly.ch\/index.php\/wp-json\/wp\/v2\/users\/1"}],"replies":[{"embeddable":true,"href":"https:\/\/jurahikefly.ch\/index.php\/wp-json\/wp\/v2\/comments?post=271"}],"version-history":[{"count":4,"href":"https:\/\/jurahikefly.ch\/index.php\/wp-json\/wp\/v2\/pages\/271\/revisions"}],"predecessor-version":[{"id":280,"href":"https:\/\/jurahikefly.ch\/index.php\/wp-json\/wp\/v2\/pages\/271\/revisions\/280"}],"wp:attachment":[{"href":"https:\/\/jurahikefly.ch\/index.php\/wp-json\/wp\/v2\/media?parent=271"}],"curies":[{"name":"wp","href":"https:\/\/api.w.org\/{rel}","templated":true}]}}